{"id":527,"date":"2023-04-27T11:10:10","date_gmt":"2023-04-27T14:10:10","guid":{"rendered":"https:\/\/ccatlat.org\/mplace\/product\/taller-programabilidad-basada-en-modelos\/"},"modified":"2023-04-29T11:00:44","modified_gmt":"2023-04-29T14:00:44","slug":"taller-programabilidad-basada-en-modelos","status":"publish","type":"product","link":"https:\/\/ccatlat.org\/mplace\/product\/taller-programabilidad-basada-en-modelos\/","title":{"rendered":"Taller: Programabilidad basada en modelos"},"content":{"rendered":"<h4>Automatice la configuraci\u00f3n del dispositivo mediante las API<\/h4>\n<p>Ha aprendido habilidades en materia de redes en cursos como CCNA. Ahora tiene la oportunidad de poner sus capacidades en pr\u00e1ctica mediante el uso de los mejores dispositivos de red programables. En este taller de 8 horas, perfeccionar\u00e1 sus capacidades en la administraci\u00f3n y configuraci\u00f3n de dispositivos de red mediante las API y la automatizaci\u00f3n de las tareas de administraci\u00f3n mediante scripts de Python con un router virtual de software de Cisco, al igual que los profesionales. Adem\u00e1s, se unir\u00e1 a diversas comunidades de pr\u00e1ctica de desarrollador de software profesionales y participar\u00e1 en ellas, tales como Cisco DevNet, GitHub y Stack Overflow.<\/p>\n<p>Para participar, necesitar\u00e1 conocimientos de CCNA: Introduction to Networks o capacidades de redes equivalentes y conocimientos b\u00e1sicos de programaci\u00f3n, como en <a href=\"https:\/\/ccatlat.org\/mplace\/product\/programming-essentials-in-python\/\">PCAP: Programming Essentials in Python<\/a>.<\/p>\n<p><strong>Aprender\u00e1 estas habilidades fundamentales:<\/strong><\/p>\n<ul>\n<li>Utilice Python con API de RESTCONF y NETCONF para recuperar y actualizar la configuraci\u00f3n del dispositivo.<\/li>\n<li>Describa un enfoque diferente a las redes definidas por software (SDN), incluido el control de pol\u00edticas de aplicaci\u00f3n central.<\/li>\n<li>Utilice conceptos de software y herramientas pertinentes a la programabilidad de la red, que incluyen desarrollo de scripts de Python, Git, JSON, Postman y API.<\/li>\n<li>\u00danase a comunidades profesionales de desarrolladores, tales como Cisco DevNet, GitHub y Stack Overflow.<\/li>\n<\/ul>\n","protected":false},"excerpt":{"rendered":"<p>Automatice la configuraci\u00f3n del dispositivo mediante las API Ha aprendido habilidades en materia de redes en cursos como CCNA. Ahora tiene la oportunidad de poner sus capacidades en pr\u00e1ctica mediante el uso de los mejores dispositivos de red programables. En este taller de 8 horas, perfeccionar\u00e1 sus capacidades en la administraci\u00f3n y configuraci\u00f3n de dispositivos [&hellip;]<\/p>\n","protected":false},"featured_media":528,"template":"","meta":{"pagelayer_contact_templates":[],"_pagelayer_content":"","ocean_post_layout":"","ocean_both_sidebars_style":"","ocean_both_sidebars_content_width":0,"ocean_both_sidebars_sidebars_width":0,"ocean_sidebar":"0","ocean_second_sidebar":"0","ocean_disable_margins":"enable","ocean_add_body_class":"","ocean_shortcode_before_top_bar":"","ocean_shortcode_after_top_bar":"","ocean_shortcode_before_header":"","ocean_shortcode_after_header":"","ocean_has_shortcode":"","ocean_shortcode_after_title":"","ocean_shortcode_before_footer_widgets":"","ocean_shortcode_after_footer_widgets":"","ocean_shortcode_before_footer_bottom":"","ocean_shortcode_after_footer_bottom":"","ocean_display_top_bar":"default","ocean_display_header":"default","ocean_header_style":"","ocean_center_header_left_menu":"0","ocean_custom_header_template":"0","ocean_custom_logo":0,"ocean_custom_retina_logo":0,"ocean_custom_logo_max_width":0,"ocean_custom_logo_tablet_max_width":0,"ocean_custom_logo_mobile_max_width":0,"ocean_custom_logo_max_height":0,"ocean_custom_logo_tablet_max_height":0,"ocean_custom_logo_mobile_max_height":0,"ocean_header_custom_menu":"0","ocean_menu_typo_font_family":"0","ocean_menu_typo_font_subset":"","ocean_menu_typo_font_size":0,"ocean_menu_typo_font_size_tablet":0,"ocean_menu_typo_font_size_mobile":0,"ocean_menu_typo_font_size_unit":"px","ocean_menu_typo_font_weight":"","ocean_menu_typo_font_weight_tablet":"","ocean_menu_typo_font_weight_mobile":"","ocean_menu_typo_transform":"","ocean_menu_typo_transform_tablet":"","ocean_menu_typo_transform_mobile":"","ocean_menu_typo_line_height":0,"ocean_menu_typo_line_height_tablet":0,"ocean_menu_typo_line_height_mobile":0,"ocean_menu_typo_line_height_unit":"","ocean_menu_typo_spacing":0,"ocean_menu_typo_spacing_tablet":0,"ocean_menu_typo_spacing_mobile":0,"ocean_menu_typo_spacing_unit":"","ocean_menu_link_color":"","ocean_menu_link_color_hover":"","ocean_menu_link_color_active":"","ocean_menu_link_background":"","ocean_menu_link_hover_background":"","ocean_menu_link_active_background":"","ocean_menu_social_links_bg":"","ocean_menu_social_hover_links_bg":"","ocean_menu_social_links_color":"","ocean_menu_social_hover_links_color":"","ocean_disable_title":"default","ocean_disable_heading":"default","ocean_post_title":"","ocean_post_subheading":"","ocean_post_title_style":"","ocean_post_title_background_color":"","ocean_post_title_background":0,"ocean_post_title_bg_image_position":"","ocean_post_title_bg_image_attachment":"","ocean_post_title_bg_image_repeat":"","ocean_post_title_bg_image_size":"","ocean_post_title_height":0,"ocean_post_title_bg_overlay":0.5,"ocean_post_title_bg_overlay_color":"","ocean_disable_breadcrumbs":"default","ocean_breadcrumbs_color":"","ocean_breadcrumbs_separator_color":"","ocean_breadcrumbs_links_color":"","ocean_breadcrumbs_links_hover_color":"","ocean_display_footer_widgets":"default","ocean_display_footer_bottom":"default","ocean_custom_footer_template":"0","_themeisle_gutenberg_block_has_review":false},"product_brand":[],"product_cat":[32,27],"product_tag":[],"class_list":{"0":"post-527","1":"product","2":"type-product","3":"status-publish","4":"has-post-thumbnail","6":"product_cat-automatizacion_de_infraestructura","7":"product_cat-cisco-networking-academy","9":"entry","10":"has-media","12":"first","13":"instock","14":"virtual","15":"product-type-simple","16":"has-product-nav","17":"col","18":"span_1_of_4","19":"owp-content-center","20":"owp-thumbs-layout-horizontal","21":"owp-btn-very-big","22":"owp-tabs-layout-horizontal","23":"has-no-thumbnails"},"_links":{"self":[{"href":"https:\/\/ccatlat.org\/mplace\/wp-json\/wp\/v2\/product\/527","targetHints":{"allow":["GET"]}}],"collection":[{"href":"https:\/\/ccatlat.org\/mplace\/wp-json\/wp\/v2\/product"}],"about":[{"href":"https:\/\/ccatlat.org\/mplace\/wp-json\/wp\/v2\/types\/product"}],"wp:featuredmedia":[{"embeddable":true,"href":"https:\/\/ccatlat.org\/mplace\/wp-json\/wp\/v2\/media\/528"}],"wp:attachment":[{"href":"https:\/\/ccatlat.org\/mplace\/wp-json\/wp\/v2\/media?parent=527"}],"wp:term":[{"taxonomy":"product_brand","embeddable":true,"href":"https:\/\/ccatlat.org\/mplace\/wp-json\/wp\/v2\/product_brand?post=527"},{"taxonomy":"product_cat","embeddable":true,"href":"https:\/\/ccatlat.org\/mplace\/wp-json\/wp\/v2\/product_cat?post=527"},{"taxonomy":"product_tag","embeddable":true,"href":"https:\/\/ccatlat.org\/mplace\/wp-json\/wp\/v2\/product_tag?post=527"}],"curies":[{"name":"wp","href":"https:\/\/api.w.org\/{rel}","templated":true}]}}