{"id":16,"date":"2022-11-01T11:25:44","date_gmt":"2022-11-01T14:25:44","guid":{"rendered":"https:\/\/ccatlat.org\/mplace\/citel\/product\/diplomado-en-ciberseguridad\/"},"modified":"2023-07-04T16:21:34","modified_gmt":"2023-07-04T19:21:34","slug":"diplomado-en-ciberseguridad","status":"publish","type":"product","link":"https:\/\/ccatlat.org\/mplace\/citel\/product\/diplomado-en-ciberseguridad\/","title":{"rendered":"Diplomado en Ciberseguridad"},"content":{"rendered":"<h4>Combatiendo la ciberdelincuencia<\/h4>\n<blockquote><p>\u00abGarantizar la seguridad de los ciudadanos, el sector privado y los gobiernos en el mundo cibern\u00e9tico es una de las prioridades en la agenda de nuestros pa\u00edses, ya que las oportunidades que ofrece la digitalizaci\u00f3n tambi\u00e9n traen amenazas que deben enfrentarse\u00bb. \u2014Luis Almagro Lemes, Secretario General de la OEA.<\/p><\/blockquote>\n<p>La demanda de profesionales especializados en ciberseguridad que pueden proteger y defender la red de una organizaci\u00f3n est\u00e1 aumentando de manera exponencial.<\/p>\n<p>El Diplomado en Ciberseguridad est\u00e1 orientado a la formaci\u00f3n de profesionales capaces de proteger los sistemas de informaci\u00f3n y las redes de datos, dar respuesta a eventos de seguridad y preservar los sistemas de riesgos potenciales previniendo amenazas y vulnerabilidades.<\/p>\n<p><strong>Plan de estudios<\/strong><\/p>\n<p>El Diplomado en ciberseguridad est\u00e1 compuesto por tres m\u00f3dulos correlativos:<\/p>\n<ul>\n<li>M\u00f3dulo 1 \u2192 Endpoint Security\n<ul>\n<li>Amenazas de ciberseguridad, vulnerabilidades y ataques<\/li>\n<li>Protecci\u00f3n de redes<\/li>\n<li>Atacar los cimientos<\/li>\n<li>Atacar lo que hacemos<\/li>\n<li>Dispositivos de comunicaci\u00f3n de red inal\u00e1mbrica<\/li>\n<li>Infraestructura de seguridad de red<\/li>\n<li>El sistema operativo Windows<\/li>\n<li>Descripci\u00f3n general de Linux<\/li>\n<li>Protecci\u00f3n de sistemas y terminales<\/li>\n<li>Principios, pr\u00e1cticas y procesos<\/li>\n<\/ul>\n<\/li>\n<\/ul>\n<ul>\n<li>M\u00f3dulo 2 \u2192 Defensa de la red\n<ul>\n<li>Comprender la defensa<\/li>\n<li>Defensa de Sistemas y Redes<\/li>\n<li>Control de Acceso<\/li>\n<li>Listas de control de acceso<\/li>\n<li>Tecnolog\u00edas de firewall<\/li>\n<li>Firewalls de pol\u00edtica basados en zonas<\/li>\n<li>Seguridad en la nube<\/li>\n<li>Criptograf\u00eda<\/li>\n<li>Tecnolog\u00edas y Protocolos<\/li>\n<li>Datos de seguridad de la red<\/li>\n<\/ul>\n<\/li>\n<\/ul>\n<ul>\n<li>M\u00f3dulo 3 \u2192 Gesti\u00f3n de amenazas cibern\u00e9ticas\n<ul>\n<li>Gobernanza y Cumplimiento<\/li>\n<li>Pruebas de seguridad de red<\/li>\n<li>Inteligencia de amenazas<\/li>\n<li>Evaluaci\u00f3n de la vulnerabilidad de los endpoints<\/li>\n<li>Gesti\u00f3n de Riesgos y Controles de Seguridad<\/li>\n<li>An\u00e1lisis forense digital y de incidentes y Respuesta<\/li>\n<\/ul>\n<\/li>\n<\/ul>\n<p>&nbsp;<\/p>\n<p><strong>Titulaci\u00f3n | Certificados<\/strong><\/p>\n<p>La aprobaci\u00f3n de los tres m\u00f3dulos correlativos otorga el t\u00edtulo de Diplomado en Ciberseguridad, habilitando a la obtenci\u00f3n de las siguientes credenciales:<\/p>\n<ul>\n<li>Insignia oficial \u00abCybersecurity Pathway\u00bb emitida por Cisco Networking Academy.<\/li>\n<li>Certificado oficial de aprobaci\u00f3n final del Diplomado en Ciberseguridad emitido por el Centro de Capacitaci\u00f3n en Alta Tecnolog\u00eda para Latinoam\u00e9rica y el Caribe.<\/li>\n<\/ul>\n","protected":false},"excerpt":{"rendered":"<p>Combatiendo la ciberdelincuencia \u00abGarantizar la seguridad de los ciudadanos, el sector privado y los gobiernos en el mundo cibern\u00e9tico es una de las prioridades en la agenda de nuestros pa\u00edses, ya que las oportunidades que ofrece la digitalizaci\u00f3n tambi\u00e9n traen amenazas que deben enfrentarse\u00bb. \u2014Luis Almagro Lemes, Secretario General de la OEA. La demanda de [&hellip;]<\/p>\n","protected":false},"featured_media":688,"template":"","meta":{"pagelayer_contact_templates":[],"_pagelayer_content":"","ocean_post_layout":"","ocean_both_sidebars_style":"","ocean_both_sidebars_content_width":0,"ocean_both_sidebars_sidebars_width":0,"ocean_sidebar":"0","ocean_second_sidebar":"0","ocean_disable_margins":"enable","ocean_add_body_class":"","ocean_shortcode_before_top_bar":"","ocean_shortcode_after_top_bar":"","ocean_shortcode_before_header":"","ocean_shortcode_after_header":"","ocean_has_shortcode":"","ocean_shortcode_after_title":"","ocean_shortcode_before_footer_widgets":"","ocean_shortcode_after_footer_widgets":"","ocean_shortcode_before_footer_bottom":"","ocean_shortcode_after_footer_bottom":"","ocean_display_top_bar":"default","ocean_display_header":"default","ocean_header_style":"","ocean_center_header_left_menu":"0","ocean_custom_header_template":"0","ocean_custom_logo":0,"ocean_custom_retina_logo":0,"ocean_custom_logo_max_width":0,"ocean_custom_logo_tablet_max_width":0,"ocean_custom_logo_mobile_max_width":0,"ocean_custom_logo_max_height":0,"ocean_custom_logo_tablet_max_height":0,"ocean_custom_logo_mobile_max_height":0,"ocean_header_custom_menu":"0","ocean_menu_typo_font_family":"0","ocean_menu_typo_font_subset":"","ocean_menu_typo_font_size":0,"ocean_menu_typo_font_size_tablet":0,"ocean_menu_typo_font_size_mobile":0,"ocean_menu_typo_font_size_unit":"px","ocean_menu_typo_font_weight":"","ocean_menu_typo_font_weight_tablet":"","ocean_menu_typo_font_weight_mobile":"","ocean_menu_typo_transform":"","ocean_menu_typo_transform_tablet":"","ocean_menu_typo_transform_mobile":"","ocean_menu_typo_line_height":0,"ocean_menu_typo_line_height_tablet":0,"ocean_menu_typo_line_height_mobile":0,"ocean_menu_typo_line_height_unit":"","ocean_menu_typo_spacing":0,"ocean_menu_typo_spacing_tablet":0,"ocean_menu_typo_spacing_mobile":0,"ocean_menu_typo_spacing_unit":"","ocean_menu_link_color":"","ocean_menu_link_color_hover":"","ocean_menu_link_color_active":"","ocean_menu_link_background":"","ocean_menu_link_hover_background":"","ocean_menu_link_active_background":"","ocean_menu_social_links_bg":"","ocean_menu_social_hover_links_bg":"","ocean_menu_social_links_color":"","ocean_menu_social_hover_links_color":"","ocean_disable_title":"default","ocean_disable_heading":"default","ocean_post_title":"","ocean_post_subheading":"","ocean_post_title_style":"","ocean_post_title_background_color":"","ocean_post_title_background":0,"ocean_post_title_bg_image_position":"","ocean_post_title_bg_image_attachment":"","ocean_post_title_bg_image_repeat":"","ocean_post_title_bg_image_size":"","ocean_post_title_height":0,"ocean_post_title_bg_overlay":0.5,"ocean_post_title_bg_overlay_color":"","ocean_disable_breadcrumbs":"default","ocean_breadcrumbs_color":"","ocean_breadcrumbs_separator_color":"","ocean_breadcrumbs_links_color":"","ocean_breadcrumbs_links_hover_color":"","ocean_display_footer_widgets":"default","ocean_display_footer_bottom":"default","ocean_custom_footer_template":"0","_themeisle_gutenberg_block_has_review":false},"product_brand":[],"product_cat":[33,27,21],"product_tag":[],"class_list":{"0":"post-16","1":"product","2":"type-product","3":"status-publish","4":"has-post-thumbnail","6":"product_cat-ciberseguridad","7":"product_cat-cisco-networking-academy","8":"product_cat-diplomatura","10":"entry","11":"has-media","13":"first","14":"instock","15":"featured","16":"virtual","17":"product-type-simple","18":"has-product-nav","19":"col","20":"span_1_of_4","21":"owp-content-center","22":"owp-thumbs-layout-horizontal","23":"owp-btn-normal","24":"owp-tabs-layout-horizontal","25":"has-no-thumbnails"},"_links":{"self":[{"href":"https:\/\/ccatlat.org\/mplace\/citel\/wp-json\/wp\/v2\/product\/16","targetHints":{"allow":["GET"]}}],"collection":[{"href":"https:\/\/ccatlat.org\/mplace\/citel\/wp-json\/wp\/v2\/product"}],"about":[{"href":"https:\/\/ccatlat.org\/mplace\/citel\/wp-json\/wp\/v2\/types\/product"}],"wp:featuredmedia":[{"embeddable":true,"href":"https:\/\/ccatlat.org\/mplace\/citel\/wp-json\/wp\/v2\/media\/688"}],"wp:attachment":[{"href":"https:\/\/ccatlat.org\/mplace\/citel\/wp-json\/wp\/v2\/media?parent=16"}],"wp:term":[{"taxonomy":"product_brand","embeddable":true,"href":"https:\/\/ccatlat.org\/mplace\/citel\/wp-json\/wp\/v2\/product_brand?post=16"},{"taxonomy":"product_cat","embeddable":true,"href":"https:\/\/ccatlat.org\/mplace\/citel\/wp-json\/wp\/v2\/product_cat?post=16"},{"taxonomy":"product_tag","embeddable":true,"href":"https:\/\/ccatlat.org\/mplace\/citel\/wp-json\/wp\/v2\/product_tag?post=16"}],"curies":[{"name":"wp","href":"https:\/\/api.w.org\/{rel}","templated":true}]}}